123.21.248.51 - - [04/Sep/2026:00:11:29 +0000] "POST /xmlrpc.php HTTP/1.1" 200 403 "-" "Mozilla/5.0 (Windows NT 6.3; x86) AppleWebKit/537.36 (KHTML, like Gecko) Chrome/89.0.0.0 Safari/537.36"
123.21.248.51 - - [04/Sep/2026:00:11:57 +0000] "POST /xmlrpc.php HTTP/1.1" 200 403 "-" "Mozilla/5.0 (Linux; Android 10; x86) AppleWebKit/537.36 (KHTML, like Gecko) Safari/15.0.0.0 Safari/537.36"
114.119.131.246 - - [04/Sep/2026:00:12:27 +0000] "GET /?p=890 HTTP/1.1" 301 - "https://verdenaturopathy.com.au/?p=1257" "Mozilla/5.0 (Linux; Android 7.0;) AppleWebKit/537.36 (HTML, like Gecko) Mobile Safari/537.36 (compatible; PetalBot;+https://webmaster.petalsearch.com/site/petalbot)"
123.21.248.51 - - [04/Sep/2026:00:12:28 +0000] "POST /xmlrpc.php HTTP/1.1" 200 403 "-" "Mozilla/5.0 (Windows NT 6.2; arm64) AppleWebKit/537.36 (KHTML, like Gecko) Safari/10.0.0.0 Safari/537.36"
114.119.131.246 - - [04/Sep/2026:00:12:28 +0000] "GET /2026/05/18/bidluck-casino-no-deposit-bonus-codes-for-free-spins-2026/ HTTP/1.1" 200 220786 "https://verdenaturopathy.com.au/?p=1257" "Mozilla/5.0 (Linux; Android 7.0;) AppleWebKit/537.36 (HTML, like Gecko) Mobile Safari/537.36 (compatible; PetalBot;+https://webmaster.petalsearch.com/site/petalbot)"
123.21.248.51 - - [04/Sep/2026:00:12:53 +0000] "POST /xmlrpc.php HTTP/1.1" 200 403 "-" "Mozilla/5.0 (X11; Ubuntu; Linux x86_64; x64) AppleWebKit/537.36 (KHTML, like Gecko) Opera/63.0.0.0 Safari/537.36"
123.21.248.51 - - [04/Sep/2026:00:13:20 +0000] "POST /xmlrpc.php HTTP/1.1" 200 403 "-" "Mozilla/5.0 (Windows NT 6.3; x64) AppleWebKit/537.36 (KHTML, like Gecko) Opera/78.0.0.0 Safari/537.36"
123.21.248.51 - - [04/Sep/2026:00:13:45 +0000] "POST /xmlrpc.php HTTP/1.1" 200 403 "-" "Mozilla/5.0 (Windows NT 10.0; x86) AppleWebKit/537.36 (KHTML, like Gecko) Edge/95.0.0.0 Safari/537.36"
114.119.157.174 - - [04/Sep/2026:00:13:50 +0000] "GET /?p=854 HTTP/1.1" 301 - "https://verdenaturopathy.com.au/?p=1144" "Mozilla/5.0 (Linux; Android 7.0;) AppleWebKit/537.36 (HTML, like Gecko) Mobile Safari/537.36 (compatible; PetalBot;+https://webmaster.petalsearch.com/site/petalbot)"
114.119.157.174 - - [04/Sep/2026:00:13:52 +0000] "GET /2026/05/18/nine-casino-bonus-codes-2026/ HTTP/1.1" 200 221068 "https://verdenaturopathy.com.au/?p=1144" "Mozilla/5.0 (Linux; Android 7.0;) AppleWebKit/537.36 (HTML, like Gecko) Mobile Safari/537.36 (compatible; PetalBot;+https://webmaster.petalsearch.com/site/petalbot)"
123.21.248.51 - - [04/Sep/2026:00:14:12 +0000] "POST /xmlrpc.php HTTP/1.1" 200 403 "-" "Mozilla/5.0 (X11; Ubuntu; Linux x86_64; arm64) AppleWebKit/537.36 (KHTML, like Gecko) Firefox/77.0.0.0 Safari/537.36"
123.21.248.51 - - [04/Sep/2026:00:14:38 +0000] "POST /xmlrpc.php HTTP/1.1" 200 403 "-" "Mozilla/5.0 (Windows NT 10.0; arm64) AppleWebKit/537.36 (KHTML, like Gecko) Opera/78.0.0.0 Safari/537.36"
123.21.248.51 - - [04/Sep/2026:00:15:07 +0000] "POST /xmlrpc.php HTTP/1.1" 200 403 "-" "Mozilla/5.0 (Windows NT 10.0; x64) AppleWebKit/537.36 (KHTML, like Gecko) Opera/67.0.0.0 Safari/537.36"
114.119.147.248 - - [04/Sep/2026:00:15:14 +0000] "GET /?p=853 HTTP/1.1" 301 - "https://verdenaturopathy.com.au/?p=1534" "Mozilla/5.0 (Linux; Android 7.0;) AppleWebKit/537.36 (HTML, like Gecko) Mobile Safari/537.36 (compatible; PetalBot;+https://webmaster.petalsearch.com/site/petalbot)"
114.119.147.248 - - [04/Sep/2026:00:15:16 +0000] "GET /2026/05/18/best-game-to-gamble/ HTTP/1.1" 200 220536 "https://verdenaturopathy.com.au/?p=1534" "Mozilla/5.0 (Linux; Android 7.0;) AppleWebKit/537.36 (HTML, like Gecko) Mobile Safari/537.36 (compatible; PetalBot;+https://webmaster.petalsearch.com/site/petalbot)"
123.21.248.51 - - [04/Sep/2026:00:15:38 +0000] "POST /xmlrpc.php HTTP/1.1" 200 403 "-" "Mozilla/5.0 (Windows NT 6.3; arm64) AppleWebKit/537.36 (KHTML, like Gecko) Opera/79.0.0.0 Safari/537.36"
123.21.248.51 - - [04/Sep/2026:00:16:16 +0000] "POST /xmlrpc.php HTTP/1.1" 200 403 "-" "Mozilla/5.0 (Linux; Android 10; x86) AppleWebKit/537.36 (KHTML, like Gecko) Firefox/84.0.0.0 Safari/537.36"
114.119.158.45 - - [04/Sep/2026:00:16:38 +0000] "GET /?p=797 HTTP/1.1" 301 - "https://verdenaturopathy.com.au/2026/05/18/all-bingo-sites-australia/" "Mozilla/5.0 (Linux; Android 7.0;) AppleWebKit/537.36 (HTML, like Gecko) Mobile Safari/537.36 (compatible; PetalBot;+https://webmaster.petalsearch.com/site/petalbot)"
114.119.158.45 - - [04/Sep/2026:00:16:39 +0000] "GET /2026/05/18/luckster-casino-review-and-free-chips-bonus/ HTTP/1.1" 200 220475 "https://verdenaturopathy.com.au/2026/05/18/all-bingo-sites-australia/" "Mozilla/5.0 (Linux; Android 7.0;) AppleWebKit/537.36 (HTML, like Gecko) Mobile Safari/537.36 (compatible; PetalBot;+https://webmaster.petalsearch.com/site/petalbot)"
123.21.248.51 - - [04/Sep/2026:00:16:44 +0000] "POST /xmlrpc.php HTTP/1.1" 200 403 "-" "Mozilla/5.0 (X11; Ubuntu; Linux x86_64; x64) AppleWebKit/537.36 (KHTML, like Gecko) Firefox/89.0.0.0 Safari/537.36"
123.21.248.51 - - [04/Sep/2026:00:17:14 +0000] "POST /xmlrpc.php HTTP/1.1" 200 403 "-" "Mozilla/5.0 (Macintosh; Intel Mac OS X 10_15_7; x64) AppleWebKit/537.36 (KHTML, like Gecko) Chrome/110.0.0.0 Safari/537.36"
66.102.134.111 - - [04/Sep/2026:00:17:43 +0000] "POST /wp-cron.php?doing_wp_cron=1788481063.6149311065673828125000 HTTP/1.1" 200 - "-" "WordPress/7.1; https://verdenaturopathy.com.au"
123.21.248.51 - - [04/Sep/2026:00:17:42 +0000] "POST /xmlrpc.php HTTP/1.1" 200 403 "-" "Mozilla/5.0 (X11; Ubuntu; Linux x86_64; x86) AppleWebKit/537.36 (KHTML, like Gecko) Firefox/73.0.0.0 Safari/537.36"
66.102.134.111 - - [04/Sep/2026:00:18:02 +0000] "POST /wp-cron.php?doing_wp_cron=1788481082.4439520835876464843750 HTTP/1.1" 200 - "-" "WordPress/7.1; https://verdenaturopathy.com.au"
114.119.153.53 - - [04/Sep/2026:00:18:01 +0000] "GET /?p=768 HTTP/1.1" 301 - "https://verdenaturopathy.com.au/?p=813" "Mozilla/5.0 (Linux; Android 7.0;) AppleWebKit/537.36 (HTML, like Gecko) Mobile Safari/537.36 (compatible; PetalBot;+https://webmaster.petalsearch.com/site/petalbot)"
114.119.153.53 - - [04/Sep/2026:00:18:03 +0000] "GET /2026/05/18/online-casino-deposit-5-minimum/ HTTP/1.1" 200 220507 "https://verdenaturopathy.com.au/?p=813" "Mozilla/5.0 (Linux; Android 7.0;) AppleWebKit/537.36 (HTML, like Gecko) Mobile Safari/537.36 (compatible; PetalBot;+https://webmaster.petalsearch.com/site/petalbot)"
123.21.248.51 - - [04/Sep/2026:00:18:07 +0000] "POST /xmlrpc.php HTTP/1.1" 200 403 "-" "Mozilla/5.0 (Windows NT 6.3; x86) AppleWebKit/537.36 (KHTML, like Gecko) Chrome/105.0.0.0 Safari/537.36"
123.21.248.51 - - [04/Sep/2026:00:18:35 +0000] "POST /xmlrpc.php HTTP/1.1" 200 403 "-" "Mozilla/5.0 (X11; Ubuntu; Linux x86_64; arm64) AppleWebKit/537.36 (KHTML, like Gecko) Opera/62.0.0.0 Safari/537.36"
123.21.248.51 - - [04/Sep/2026:00:19:03 +0000] "POST /xmlrpc.php HTTP/1.1" 200 403 "-" "Mozilla/5.0 (Windows NT 10.0; x64) AppleWebKit/537.36 (KHTML, like Gecko) Chrome/92.0.0.0 Safari/537.36"
114.119.147.248 - - [04/Sep/2026:00:19:24 +0000] "GET /?p=754 HTTP/1.1" 301 - "https://verdenaturopathy.com.au/?p=1447" "Mozilla/5.0 (Linux; Android 7.0;) AppleWebKit/537.36 (HTML, like Gecko) Mobile Safari/537.36 (compatible; PetalBot;+https://webmaster.petalsearch.com/site/petalbot)"
114.119.147.248 - - [04/Sep/2026:00:19:25 +0000] "GET /2026/05/18/one-two-spin-legit/ HTTP/1.1" 200 220890 "https://verdenaturopathy.com.au/?p=1447" "Mozilla/5.0 (Linux; Android 7.0;) AppleWebKit/537.36 (HTML, like Gecko) Mobile Safari/537.36 (compatible; PetalBot;+https://webmaster.petalsearch.com/site/petalbot)"
123.21.248.51 - - [04/Sep/2026:00:19:30 +0000] "POST /xmlrpc.php HTTP/1.1" 200 403 "-" "Mozilla/5.0 (Windows NT 10.0; arm64) AppleWebKit/537.36 (KHTML, like Gecko) Firefox/94.0.0.0 Safari/537.36"
158.173.241.147 - - [04/Sep/2026:00:19:55 +0000] "GET /online-pokies-australia-real-money-no-deposit-2026/ HTTP/1.1" 301 - "https://verdenaturopathy.com.au/" "Mozilla/5.0 (Macintosh; Intel Mac OS X 10_15_7) AppleWebKit/537.36 (KHTML, like Gecko) Chrome/136.0.0.0 Safari/537.36"
123.21.248.51 - - [04/Sep/2026:00:19:55 +0000] "POST /xmlrpc.php HTTP/1.1" 200 403 "-" "Mozilla/5.0 (Macintosh; Intel Mac OS X 10_15_7; arm64) AppleWebKit/537.36 (KHTML, like Gecko) Safari/12.0.0.0 Safari/537.36"
158.173.241.147 - - [04/Sep/2026:00:19:56 +0000] "GET /2026/08/17/online-pokies-australia-real-money-no-deposit-2026/ HTTP/1.1" 200 919 "https://verdenaturopathy.com.au/online-pokies-australia-real-money-no-deposit-2026/" "Mozilla/5.0 (Macintosh; Intel Mac OS X 10_15_7) AppleWebKit/537.36 (KHTML, like Gecko) Chrome/136.0.0.0 Safari/537.36"
123.21.248.51 - - [04/Sep/2026:00:20:23 +0000] "POST /xmlrpc.php HTTP/1.1" 200 403 "-" "Mozilla/5.0 (Macintosh; Intel Mac OS X 10_15_7; x64) AppleWebKit/537.36 (KHTML, like Gecko) Firefox/74.0.0.0 Safari/537.36"
114.119.129.7 - - [04/Sep/2026:00:20:47 +0000] "GET /?p=745 HTTP/1.1" 301 - "https://verdenaturopathy.com.au/?p=795" "Mozilla/5.0 (Linux; Android 7.0;) AppleWebKit/537.36 (HTML, like Gecko) Mobile Safari/537.36 (compatible; PetalBot;+https://webmaster.petalsearch.com/site/petalbot)"
114.119.129.7 - - [04/Sep/2026:00:20:49 +0000] "GET /2026/05/18/spin247-online-casino-bonus-codes-2026/ HTTP/1.1" 200 220095 "https://verdenaturopathy.com.au/?p=795" "Mozilla/5.0 (Linux; Android 7.0;) AppleWebKit/537.36 (HTML, like Gecko) Mobile Safari/537.36 (compatible; PetalBot;+https://webmaster.petalsearch.com/site/petalbot)"
123.21.248.51 - - [04/Sep/2026:00:20:51 +0000] "POST /xmlrpc.php HTTP/1.1" 200 403 "-" "Mozilla/5.0 (Linux; Android 10; x86) AppleWebKit/537.36 (KHTML, like Gecko) Opera/79.0.0.0 Safari/537.36"
123.21.248.51 - - [04/Sep/2026:00:21:25 +0000] "POST /xmlrpc.php HTTP/1.1" 200 403 "-" "Mozilla/5.0 (Linux; Android 10; x64) AppleWebKit/537.36 (KHTML, like Gecko) Chrome/96.0.0.0 Safari/537.36"
123.21.248.51 - - [04/Sep/2026:00:21:53 +0000] "POST /xmlrpc.php HTTP/1.1" 200 403 "-" "Mozilla/5.0 (Macintosh; Intel Mac OS X 10_15_7; x86) AppleWebKit/537.36 (KHTML, like Gecko) Opera/64.0.0.0 Safari/537.36"
114.119.153.53 - - [04/Sep/2026:00:22:12 +0000] "GET /?p=744 HTTP/1.1" 301 - "https://verdenaturopathy.com.au/?p=1160" "Mozilla/5.0 (Linux; Android 7.0;) AppleWebKit/537.36 (HTML, like Gecko) Mobile Safari/537.36 (compatible; PetalBot;+https://webmaster.petalsearch.com/site/petalbot)"
114.119.153.53 - - [04/Sep/2026:00:22:14 +0000] "GET /2026/05/18/slots-palace-casino/ HTTP/1.1" 200 220544 "https://verdenaturopathy.com.au/?p=1160" "Mozilla/5.0 (Linux; Android 7.0;) AppleWebKit/537.36 (HTML, like Gecko) Mobile Safari/537.36 (compatible; PetalBot;+https://webmaster.petalsearch.com/site/petalbot)"
123.21.248.51 - - [04/Sep/2026:00:22:20 +0000] "POST /xmlrpc.php HTTP/1.1" 200 403 "-" "Mozilla/5.0 (Windows NT 6.2; x64) AppleWebKit/537.36 (KHTML, like Gecko) Firefox/88.0.0.0 Safari/537.36"
123.21.248.51 - - [04/Sep/2026:00:22:48 +0000] "POST /xmlrpc.php HTTP/1.1" 200 403 "-" "Mozilla/5.0 (Windows NT 10.0; x64) AppleWebKit/537.36 (KHTML, like Gecko) Chrome/95.0.0.0 Safari/537.36"
123.21.248.51 - - [04/Sep/2026:00:23:16 +0000] "POST /xmlrpc.php HTTP/1.1" 200 403 "-" "Mozilla/5.0 (Macintosh; Intel Mac OS X 10_15_7; x64) AppleWebKit/537.36 (KHTML, like Gecko) Opera/67.0.0.0 Safari/537.36"
114.119.157.57 - - [04/Sep/2026:00:23:36 +0000] "GET /?p=732 HTTP/1.1" 301 - "https://verdenaturopathy.com.au/2026/05/18/crazy-luck-casino-login-app-sign-up/" "Mozilla/5.0 (Linux; Android 7.0;) AppleWebKit/537.36 (HTML, like Gecko) Mobile Safari/537.36 (compatible; PetalBot;+https://webmaster.petalsearch.com/site/petalbot)"
114.119.157.57 - - [04/Sep/2026:00:23:37 +0000] "GET /2026/05/18/lev-casino-login-app-sign-up/ HTTP/1.1" 200 220469 "https://verdenaturopathy.com.au/2026/05/18/crazy-luck-casino-login-app-sign-up/" "Mozilla/5.0 (Linux; Android 7.0;) AppleWebKit/537.36 (HTML, like Gecko) Mobile Safari/537.36 (compatible; PetalBot;+https://webmaster.petalsearch.com/site/petalbot)"
123.21.248.51 - - [04/Sep/2026:00:23:41 +0000] "POST /xmlrpc.php HTTP/1.1" 200 403 "-" "Mozilla/5.0 (Macintosh; Intel Mac OS X 10_15_7; arm64) AppleWebKit/537.36 (KHTML, like Gecko) Edge/82.0.0.0 Safari/537.36"
123.21.248.51 - - [04/Sep/2026:00:24:08 +0000] "POST /xmlrpc.php HTTP/1.1" 200 403 "-" "Mozilla/5.0 (Linux; Android 10; x86) AppleWebKit/537.36 (KHTML, like Gecko) Firefox/72.0.0.0 Safari/537.36"
123.21.248.51 - - [04/Sep/2026:00:24:36 +0000] "POST /xmlrpc.php HTTP/1.1" 200 403 "-" "Mozilla/5.0 (Windows NT 6.3; x86) AppleWebKit/537.36 (KHTML, like Gecko) Chrome/88.0.0.0 Safari/537.36"
114.119.152.70 - - [04/Sep/2026:00:25:00 +0000] "GET /?p=727 HTTP/1.1" 301 - "https://verdenaturopathy.com.au/2026/05/18/casino-canberra-hotel/" "Mozilla/5.0 (Linux; Android 7.0;) AppleWebKit/537.36 (HTML, like Gecko) Mobile Safari/537.36 (compatible; PetalBot;+https://webmaster.petalsearch.com/site/petalbot)"
114.119.152.70 - - [04/Sep/2026:00:25:02 +0000] "GET /2026/05/18/5-rabbits-megaways-pragmatic-play/ HTTP/1.1" 200 220780 "https://verdenaturopathy.com.au/2026/05/18/casino-canberra-hotel/" "Mozilla/5.0 (Linux; Android 7.0;) AppleWebKit/537.36 (HTML, like Gecko) Mobile Safari/537.36 (compatible; PetalBot;+https://webmaster.petalsearch.com/site/petalbot)"
123.21.248.51 - - [04/Sep/2026:00:25:11 +0000] "POST /xmlrpc.php HTTP/1.1" 200 403 "-" "Mozilla/5.0 (Windows NT 6.2; x64) AppleWebKit/537.36 (KHTML, like Gecko) Chrome/89.0.0.0 Safari/537.36"
123.21.248.51 - - [04/Sep/2026:00:25:45 +0000] "POST /xmlrpc.php HTTP/1.1" 200 403 "-" "Mozilla/5.0 (Linux; Android 10; x86) AppleWebKit/537.36 (KHTML, like Gecko) Opera/78.0.0.0 Safari/537.36"
123.21.248.51 - - [04/Sep/2026:00:26:18 +0000] "POST /xmlrpc.php HTTP/1.1" 200 403 "-" "Mozilla/5.0 (Macintosh; Intel Mac OS X 10_15_7; arm64) AppleWebKit/537.36 (KHTML, like Gecko) Edge/92.0.0.0 Safari/537.36"
114.119.129.7 - - [04/Sep/2026:00:26:23 +0000] "GET /?p=713 HTTP/1.1" 301 - "https://verdenaturopathy.com.au/2026/05/18/slots-online-best/" "Mozilla/5.0 (Linux; Android 7.0;) AppleWebKit/537.36 (HTML, like Gecko) Mobile Safari/537.36 (compatible; PetalBot;+https://webmaster.petalsearch.com/site/petalbot)"
114.119.129.7 - - [04/Sep/2026:00:26:24 +0000] "GET /2026/05/18/cashman-casino-apk/ HTTP/1.1" 200 220824 "https://verdenaturopathy.com.au/2026/05/18/slots-online-best/" "Mozilla/5.0 (Linux; Android 7.0;) AppleWebKit/537.36 (HTML, like Gecko) Mobile Safari/537.36 (compatible; PetalBot;+https://webmaster.petalsearch.com/site/petalbot)"
123.21.248.51 - - [04/Sep/2026:00:26:43 +0000] "POST /xmlrpc.php HTTP/1.1" 200 403 "-" "Mozilla/5.0 (Windows NT 10.0; x64) AppleWebKit/537.36 (KHTML, like Gecko) Safari/11.0.0.0 Safari/537.36"
123.21.248.51 - - [04/Sep/2026:00:27:13 +0000] "POST /xmlrpc.php HTTP/1.1" 200 403 "-" "Mozilla/5.0 (Windows NT 6.3; x64) AppleWebKit/537.36 (KHTML, like Gecko) Firefox/99.0.0.0 Safari/537.36"
66.102.134.111 - - [04/Sep/2026:00:27:39 +0000] "POST /wp-cron.php?doing_wp_cron=1788481659.8666360378265380859375 HTTP/1.1" 200 - "-" "WordPress/7.1; https://verdenaturopathy.com.au"
123.21.248.51 - - [04/Sep/2026:00:27:39 +0000] "POST /xmlrpc.php HTTP/1.1" 200 403 "-" "Mozilla/5.0 (Linux; Android 10; x64) AppleWebKit/537.36 (KHTML, like Gecko) Opera/79.0.0.0 Safari/537.36"
114.119.129.7 - - [04/Sep/2026:00:27:46 +0000] "GET /?p=708 HTTP/1.1" 301 - "https://verdenaturopathy.com.au/?p=857" "Mozilla/5.0 (Linux; Android 7.0;) AppleWebKit/537.36 (HTML, like Gecko) Mobile Safari/537.36 (compatible; PetalBot;+https://webmaster.petalsearch.com/site/petalbot)"
114.119.129.7 - - [04/Sep/2026:00:27:48 +0000] "GET /2026/05/18/5-deposit-slots/ HTTP/1.1" 200 219923 "https://verdenaturopathy.com.au/?p=857" "Mozilla/5.0 (Linux; Android 7.0;) AppleWebKit/537.36 (HTML, like Gecko) Mobile Safari/537.36 (compatible; PetalBot;+https://webmaster.petalsearch.com/site/petalbot)"
123.21.248.51 - - [04/Sep/2026:00:28:04 +0000] "POST /xmlrpc.php HTTP/1.1" 200 403 "-" "Mozilla/5.0 (Windows NT 10.0; x64) AppleWebKit/537.36 (KHTML, like Gecko) Firefox/86.0.0.0 Safari/537.36"
123.21.248.51 - - [04/Sep/2026:00:28:32 +0000] "POST /xmlrpc.php HTTP/1.1" 200 403 "-" "Mozilla/5.0 (Windows NT 6.2; x64) AppleWebKit/537.36 (KHTML, like Gecko) Edge/86.0.0.0 Safari/537.36"
123.21.248.51 - - [04/Sep/2026:00:28:58 +0000] "POST /xmlrpc.php HTTP/1.1" 200 403 "-" "Mozilla/5.0 (Macintosh; Intel Mac OS X 10_15_7; x64) AppleWebKit/537.36 (KHTML, like Gecko) Firefox/82.0.0.0 Safari/537.36"
114.119.153.53 - - [04/Sep/2026:00:29:10 +0000] "GET /?p=679 HTTP/1.1" 301 - "https://verdenaturopathy.com.au/?p=943" "Mozilla/5.0 (Linux; Android 7.0;) AppleWebKit/537.36 (HTML, like Gecko) Mobile Safari/537.36 (compatible; PetalBot;+https://webmaster.petalsearch.com/site/petalbot)"
114.119.153.53 - - [04/Sep/2026:00:29:12 +0000] "GET /2026/05/18/free-online-baccarat/ HTTP/1.1" 200 219788 "https://verdenaturopathy.com.au/?p=943" "Mozilla/5.0 (Linux; Android 7.0;) AppleWebKit/537.36 (HTML, like Gecko) Mobile Safari/537.36 (compatible; PetalBot;+https://webmaster.petalsearch.com/site/petalbot)"
123.21.248.51 - - [04/Sep/2026:00:29:28 +0000] "POST /xmlrpc.php HTTP/1.1" 200 403 "-" "Mozilla/5.0 (Windows NT 6.3; arm64) AppleWebKit/537.36 (KHTML, like Gecko) Edge/81.0.0.0 Safari/537.36"
66.102.134.111 - - [04/Sep/2026:00:29:52 +0000] "POST /wp-cron.php?doing_wp_cron=1788481792.1938099861145019531250 HTTP/1.1" 200 - "-" "WordPress/7.1; https://verdenaturopathy.com.au"
45.128.199.47 - - [04/Sep/2026:00:29:51 +0000] "GET / HTTP/1.1" 200 343836 "-" "Mozilla/5.0 (Windows NT 10.0; Win64; x64; rv:124.0) Gecko/20100101 Firefox/124.0"
123.21.248.51 - - [04/Sep/2026:00:29:56 +0000] "POST /xmlrpc.php HTTP/1.1" 200 403 "-" "Mozilla/5.0 (Windows NT 6.2; x64) AppleWebKit/537.36 (KHTML, like Gecko) Chrome/105.0.0.0 Safari/537.36"
123.21.248.51 - - [04/Sep/2026:00:30:27 +0000] "POST /xmlrpc.php HTTP/1.1" 200 403 "-" "Mozilla/5.0 (Windows NT 6.2; x86) AppleWebKit/537.36 (KHTML, like Gecko) Opera/67.0.0.0 Safari/537.36"
114.119.129.7 - - [04/Sep/2026:00:30:33 +0000] "GET /?p=675 HTTP/1.1" 301 - "https://verdenaturopathy.com.au/?p=762" "Mozilla/5.0 (Linux; Android 7.0;) AppleWebKit/537.36 (HTML, like Gecko) Mobile Safari/537.36 (compatible; PetalBot;+https://webmaster.petalsearch.com/site/petalbot)"
114.119.129.7 - - [04/Sep/2026:00:30:35 +0000] "GET /2026/05/18/australia-mobile-bingo-sites/ HTTP/1.1" 200 220623 "https://verdenaturopathy.com.au/?p=762" "Mozilla/5.0 (Linux; Android 7.0;) AppleWebKit/537.36 (HTML, like Gecko) Mobile Safari/537.36 (compatible; PetalBot;+https://webmaster.petalsearch.com/site/petalbot)"
123.21.248.51 - - [04/Sep/2026:00:30:54 +0000] "POST /xmlrpc.php HTTP/1.1" 200 403 "-" "Mozilla/5.0 (Windows NT 6.2; x64) AppleWebKit/537.36 (KHTML, like Gecko) Chrome/93.0.0.0 Safari/537.36"
123.21.248.51 - - [04/Sep/2026:00:31:25 +0000] "POST /xmlrpc.php HTTP/1.1" 200 403 "-" "Mozilla/5.0 (Windows NT 10.0; x86) AppleWebKit/537.36 (KHTML, like Gecko) Chrome/82.0.0.0 Safari/537.36"
123.21.248.51 - - [04/Sep/2026:00:31:55 +0000] "POST /xmlrpc.php HTTP/1.1" 200 403 "-" "Mozilla/5.0 (X11; Ubuntu; Linux x86_64; arm64) AppleWebKit/537.36 (KHTML, like Gecko) Chrome/84.0.0.0 Safari/537.36"
114.119.153.53 - - [04/Sep/2026:00:31:56 +0000] "GET /?p=640 HTTP/1.1" 301 - "https://verdenaturopathy.com.au/?p=1258" "Mozilla/5.0 (Linux; Android 7.0;) AppleWebKit/537.36 (HTML, like Gecko) Mobile Safari/537.36 (compatible; PetalBot;+https://webmaster.petalsearch.com/site/petalbot)"
114.119.153.53 - - [04/Sep/2026:00:31:58 +0000] "GET /2026/05/18/legend-casino-online/ HTTP/1.1" 200 219907 "https://verdenaturopathy.com.au/?p=1258" "Mozilla/5.0 (Linux; Android 7.0;) AppleWebKit/537.36 (HTML, like Gecko) Mobile Safari/537.36 (compatible; PetalBot;+https://webmaster.petalsearch.com/site/petalbot)"
66.102.134.111 - - [04/Sep/2026:00:32:29 +0000] "POST /wp-cron.php?doing_wp_cron=1788481948.9125330448150634765625 HTTP/1.1" 200 - "-" "WordPress/7.1; https://verdenaturopathy.com.au"
123.21.248.51 - - [04/Sep/2026:00:32:28 +0000] "POST /xmlrpc.php HTTP/1.1" 200 403 "-" "Mozilla/5.0 (Windows NT 10.0; x64) AppleWebKit/537.36 (KHTML, like Gecko) Firefox/88.0.0.0 Safari/537.36"
123.21.248.51 - - [04/Sep/2026:00:32:52 +0000] "POST /xmlrpc.php HTTP/1.1" 200 403 "-" "Mozilla/5.0 (Windows NT 10.0; arm64) AppleWebKit/537.36 (KHTML, like Gecko) Opera/65.0.0.0 Safari/537.36"
114.119.131.246 - - [04/Sep/2026:00:33:21 +0000] "GET /?p=562 HTTP/1.1" 301 - "https://verdenaturopathy.com.au/?p=637" "Mozilla/5.0 (Linux; Android 7.0;) AppleWebKit/537.36 (HTML, like Gecko) Mobile Safari/537.36 (compatible; PetalBot;+https://webmaster.petalsearch.com/site/petalbot)"
114.119.131.246 - - [04/Sep/2026:00:33:22 +0000] "GET /2026/05/18/blackjack-aberdeen-sd/ HTTP/1.1" 200 220347 "https://verdenaturopathy.com.au/?p=637" "Mozilla/5.0 (Linux; Android 7.0;) AppleWebKit/537.36 (HTML, like Gecko) Mobile Safari/537.36 (compatible; PetalBot;+https://webmaster.petalsearch.com/site/petalbot)"
203.78.174.157 - - [04/Sep/2026:00:33:48 +0000] "GET /privacy-policy HTTP/1.1" 301 - "https://www.google.com/" "Mozilla/5.0 (Windows NT 10.0; Win64; x64) AppleWebKit/537.36 (KHTML, like Gecko) Chrome/131.0.0.0 Safari/537.36"
203.78.174.157 - - [04/Sep/2026:00:33:49 +0000] "GET /privacy-policy/ HTTP/1.1" 200 200305 "https://verdenaturopathy.com.au/privacy-policy" "Mozilla/5.0 (Windows NT 10.0; Win64; x64) AppleWebKit/537.36 (KHTML, like Gecko) Chrome/131.0.0.0 Safari/537.36"
123.21.248.51 - - [04/Sep/2026:00:33:52 +0000] "POST /xmlrpc.php HTTP/1.1" 200 403 "-" "Mozilla/5.0 (Windows NT 6.3; arm64) AppleWebKit/537.36 (KHTML, like Gecko) Opera/62.0.0.0 Safari/537.36"
123.21.248.51 - - [04/Sep/2026:00:34:21 +0000] "POST /xmlrpc.php HTTP/1.1" 200 403 "-" "Mozilla/5.0 (Windows NT 6.3; x86) AppleWebKit/537.36 (KHTML, like Gecko) Firefox/87.0.0.0 Safari/537.36"
192.178.7.225 - - [04/Sep/2026:00:34:24 +0000] "GET / HTTP/1.1" 200 343834 "-" "Mozilla/5.0 (Linux; Android 6.0.1; Nexus 5X Build/MMB29P) AppleWebKit/537.36 (KHTML, like Gecko) Chrome/151.0.7922.173 Mobile Safari/537.36 (compatible; Googlebot/2.1; +http://www.google.com/bot.html)"
114.119.153.53 - - [04/Sep/2026:00:34:43 +0000] "GET /?p=553 HTTP/1.1" 301 - "https://verdenaturopathy.com.au/?p=719" "Mozilla/5.0 (Linux; Android 7.0;) AppleWebKit/537.36 (HTML, like Gecko) Mobile Safari/537.36 (compatible; PetalBot;+https://webmaster.petalsearch.com/site/petalbot)"
114.119.153.53 - - [04/Sep/2026:00:34:45 +0000] "GET /2026/05/18/betive-casino-no-deposit-bonus-codes-for-free-spins-2026/ HTTP/1.1" 200 220799 "https://verdenaturopathy.com.au/?p=719" "Mozilla/5.0 (Linux; Android 7.0;) AppleWebKit/537.36 (HTML, like Gecko) Mobile Safari/537.36 (compatible; PetalBot;+https://webmaster.petalsearch.com/site/petalbot)"
123.21.248.51 - - [04/Sep/2026:00:34:50 +0000] "POST /xmlrpc.php HTTP/1.1" 200 403 "-" "Mozilla/5.0 (Windows NT 6.2; x86) AppleWebKit/537.36 (KHTML, like Gecko) Opera/63.0.0.0 Safari/537.36"
123.21.248.51 - - [04/Sep/2026:00:35:19 +0000] "POST /xmlrpc.php HTTP/1.1" 200 403 "-" "Mozilla/5.0 (Macintosh; Intel Mac OS X 10_15_7; x86) AppleWebKit/537.36 (KHTML, like Gecko) Edge/98.0.0.0 Safari/537.36"
192.178.7.225 - - [04/Sep/2026:00:35:35 +0000] "GET / HTTP/1.1" 200 343828 "-" "Mozilla/5.0 (compatible; Googlebot/2.1; +http://www.google.com/bot.html)"
192.178.7.224 - - [04/Sep/2026:00:35:36 +0000] "GET / HTTP/1.1" 200 343834 "-" "Mozilla/5.0 (Linux; Android 6.0.1; Nexus 5X Build/MMB29P) AppleWebKit/537.36 (KHTML, like Gecko) Chrome/99.0.4844.84 Mobile Safari/537.36 (compatible; Googlebot/2.1; +http://www.google.com/bot.html)"
192.178.7.224 - - [04/Sep/2026:00:35:37 +0000] "GET /wp-includes/js/jquery/jquery.min.js?ver=3.7.1 HTTP/1.1" 200 87553 "https://verdenaturopathy.com.au/" "Mozilla/5.0 (Linux; Android 6.0.1; Nexus 5X Build/MMB29P) AppleWebKit/537.36 (KHTML, like Gecko) Chrome/151.0.7922.108 Mobile Safari/537.36 (compatible; Googlebot/2.1; +http://www.google.com/bot.html)"
192.178.7.224 - - [04/Sep/2026:00:35:37 +0000] "GET /wp-includes/js/jquery/jquery.min.js?ver=3.7.1 HTTP/1.1" 200 87553 "https://verdenaturopathy.com.au/" "Mozilla/5.0 AppleWebKit/537.36 (KHTML, like Gecko; compatible; Googlebot/2.1; +http://www.google.com/bot.html) Chrome/152.0.7977.64 Safari/537.36"
192.178.7.224 - - [04/Sep/2026:00:35:38 +0000] "GET /wp-content/themes/Divi/includes/builder-5/visual-builder/build/script-library-motion-effects.js?ver=5.6.0 HTTP/1.1" 200 119322 "https://verdenaturopathy.com.au/" "Mozilla/5.0 (Linux; Android 6.0.1; Nexus 5X Build/MMB29P) AppleWebKit/537.36 (KHTML, like Gecko) Chrome/151.0.7922.108 Mobile Safari/537.36 (compatible; Googlebot/2.1; +http://www.google.com/bot.html)"
192.178.7.224 - - [04/Sep/2026:00:35:38 +0000] "GET /wp-content/themes/Divi/includes/builder-5/visual-builder/build/script-library-motion-effects.js?ver=5.6.0 HTTP/1.1" 200 119322 "https://verdenaturopathy.com.au/" "Mozilla/5.0 AppleWebKit/537.36 (KHTML, like Gecko; compatible; Googlebot/2.1; +http://www.google.com/bot.html) Chrome/152.0.7977.64 Safari/537.36"
123.21.248.51 - - [04/Sep/2026:00:35:47 +0000] "POST /xmlrpc.php HTTP/1.1" 200 403 "-" "Mozilla/5.0 (Windows NT 6.2; arm64) AppleWebKit/537.36 (KHTML, like Gecko) Safari/13.0.0.0 Safari/537.36"
114.119.157.174 - - [04/Sep/2026:00:36:07 +0000] "GET /?p=531 HTTP/1.1" 301 - "https://verdenaturopathy.com.au/?p=538" "Mozilla/5.0 (Linux; Android 7.0;) AppleWebKit/537.36 (HTML, like Gecko) Mobile Safari/537.36 (compatible; PetalBot;+https://webmaster.petalsearch.com/site/petalbot)"
114.119.157.174 - - [04/Sep/2026:00:36:09 +0000] "GET /2026/05/18/casino-hours-today/ HTTP/1.1" 200 220844 "https://verdenaturopathy.com.au/?p=538" "Mozilla/5.0 (Linux; Android 7.0;) AppleWebKit/537.36 (HTML, like Gecko) Mobile Safari/537.36 (compatible; PetalBot;+https://webmaster.petalsearch.com/site/petalbot)"
123.21.248.51 - - [04/Sep/2026:00:36:13 +0000] "POST /xmlrpc.php HTTP/1.1" 200 403 "-" "Mozilla/5.0 (X11; Ubuntu; Linux x86_64; x64) AppleWebKit/537.36 (KHTML, like Gecko) Safari/10.0.0.0 Safari/537.36"
123.21.248.51 - - [04/Sep/2026:00:36:40 +0000] "POST /xmlrpc.php HTTP/1.1" 200 403 "-" "Mozilla/5.0 (X11; Ubuntu; Linux x86_64; x64) AppleWebKit/537.36 (KHTML, like Gecko) Opera/65.0.0.0 Safari/537.36"
123.21.248.51 - - [04/Sep/2026:00:37:05 +0000] "POST /xmlrpc.php HTTP/1.1" 200 403 "-" "Mozilla/5.0 (Windows NT 10.0; x86) AppleWebKit/537.36 (KHTML, like Gecko) Chrome/113.0.0.0 Safari/537.36"
123.21.248.51 - - [04/Sep/2026:00:37:32 +0000] "POST /xmlrpc.php HTTP/1.1" 200 403 "-" "Mozilla/5.0 (Linux; Android 10; x86) AppleWebKit/537.36 (KHTML, like Gecko) Firefox/79.0.0.0 Safari/537.36"
66.102.134.111 - - [04/Sep/2026:00:37:40 +0000] "POST /wp-cron.php?doing_wp_cron=1788482260.1326448917388916015625 HTTP/1.1" 200 - "-" "WordPress/7.1; https://verdenaturopathy.com.au"
114.119.131.246 - - [04/Sep/2026:00:37:39 +0000] "GET /?p=516 HTTP/1.1" 301 - "https://verdenaturopathy.com.au/?p=536" "Mozilla/5.0 (Linux; Android 7.0;) AppleWebKit/537.36 (HTML, like Gecko) Mobile Safari/537.36 (compatible; PetalBot;+https://webmaster.petalsearch.com/site/petalbot)"
114.119.131.246 - - [04/Sep/2026:00:37:41 +0000] "GET /2026/05/18/online-gambling-guaranteed-win/ HTTP/1.1" 200 220085 "https://verdenaturopathy.com.au/?p=536" "Mozilla/5.0 (Linux; Android 7.0;) AppleWebKit/537.36 (HTML, like Gecko) Mobile Safari/537.36 (compatible; PetalBot;+https://webmaster.petalsearch.com/site/petalbot)"
123.21.248.51 - - [04/Sep/2026:00:37:56 +0000] "POST /xmlrpc.php HTTP/1.1" 200 403 "-" "Mozilla/5.0 (X11; Ubuntu; Linux x86_64; arm64) AppleWebKit/537.36 (KHTML, like Gecko) Safari/14.0.0.0 Safari/537.36"
123.21.248.51 - - [04/Sep/2026:00:38:27 +0000] "POST /xmlrpc.php HTTP/1.1" 200 403 "-" "Mozilla/5.0 (Windows NT 10.0; arm64) AppleWebKit/537.36 (KHTML, like Gecko) Safari/14.0.0.0 Safari/537.36"
123.21.248.51 - - [04/Sep/2026:00:38:56 +0000] "POST /xmlrpc.php HTTP/1.1" 200 403 "-" "Mozilla/5.0 (Windows NT 10.0; x86) AppleWebKit/537.36 (KHTML, like Gecko) Edge/83.0.0.0 Safari/537.36"
114.119.152.70 - - [04/Sep/2026:00:38:57 +0000] "GET /?p=1622 HTTP/1.1" 301 - "https://verdenaturopathy.com.au/2026/05/18/odds-at-winning-blackjack/" "Mozilla/5.0 (Linux; Android 7.0;) AppleWebKit/537.36 (HTML, like Gecko) Mobile Safari/537.36 (compatible; PetalBot;+https://webmaster.petalsearch.com/site/petalbot)"
114.119.152.70 - - [04/Sep/2026:00:38:59 +0000] "GET /2026/05/18/online-casinos-with-no-deposit-bonuses/ HTTP/1.1" 200 219721 "https://verdenaturopathy.com.au/2026/05/18/odds-at-winning-blackjack/" "Mozilla/5.0 (Linux; Android 7.0;) AppleWebKit/537.36 (HTML, like Gecko) Mobile Safari/537.36 (compatible; PetalBot;+https://webmaster.petalsearch.com/site/petalbot)"
216.73.216.174 - - [04/Sep/2026:00:39:18 +0000] "GET /robots.txt HTTP/1.1" 200 310 "-" "Mozilla/5.0 AppleWebKit/537.36 (KHTML, like Gecko; compatible; ClaudeBot/1.0; +claudebot@anthropic.com)"
216.73.216.174 - - [04/Sep/2026:00:39:18 +0000] "GET /sitemap2.xml HTTP/1.1" 200 209070 "-" "Mozilla/5.0 AppleWebKit/537.36 (KHTML, like Gecko; compatible; ClaudeBot/1.0; +claudebot@anthropic.com)"
123.21.248.51 - - [04/Sep/2026:00:39:34 +0000] "POST /xmlrpc.php HTTP/1.1" 200 403 "-" "Mozilla/5.0 (Macintosh; Intel Mac OS X 10_15_7; x64) AppleWebKit/537.36 (KHTML, like Gecko) Safari/13.0.0.0 Safari/537.36"
123.21.248.51 - - [04/Sep/2026:00:40:03 +0000] "POST /xmlrpc.php HTTP/1.1" 200 403 "-" "Mozilla/5.0 (Windows NT 6.2; x64) AppleWebKit/537.36 (KHTML, like Gecko) Firefox/82.0.0.0 Safari/537.36"
114.119.147.248 - - [04/Sep/2026:00:40:21 +0000] "GET /?p=1469 HTTP/1.1" 301 - "https://verdenaturopathy.com.au/2026/05/18/casino-with-birthday-bonus/" "Mozilla/5.0 (Linux; Android 7.0;) AppleWebKit/537.36 (HTML, like Gecko) Mobile Safari/537.36 (compatible; PetalBot;+https://webmaster.petalsearch.com/site/petalbot)"
114.119.147.248 - - [04/Sep/2026:00:40:23 +0000] "GET /2026/05/18/sekabet-casino-review-and-free-chips-bonus/ HTTP/1.1" 200 220645 "https://verdenaturopathy.com.au/2026/05/18/casino-with-birthday-bonus/" "Mozilla/5.0 (Linux; Android 7.0;) AppleWebKit/537.36 (HTML, like Gecko) Mobile Safari/537.36 (compatible; PetalBot;+https://webmaster.petalsearch.com/site/petalbot)"
123.21.248.51 - - [04/Sep/2026:00:40:40 +0000] "POST /xmlrpc.php HTTP/1.1" 200 403 "-" "Mozilla/5.0 (X11; Ubuntu; Linux x86_64; x64) AppleWebKit/537.36 (KHTML, like Gecko) Chrome/113.0.0.0 Safari/537.36"
54.149.142.143 - - [04/Sep/2026:00:40:43 +0000] "GET /robots.txt HTTP/1.1" 200 310 "-" "SeltzSitemapFetcher/1.0"
54.149.142.143 - - [04/Sep/2026:00:40:43 +0000] "GET /sitemap2.xml HTTP/1.1" 200 209070 "-" "SeltzSitemapFetcher/1.0"
123.21.248.51 - - [04/Sep/2026:00:41:10 +0000] "POST /xmlrpc.php HTTP/1.1" 200 403 "-" "Mozilla/5.0 (Windows NT 10.0; arm64) AppleWebKit/537.36 (KHTML, like Gecko) Opera/76.0.0.0 Safari/537.36"
44.201.34.192 - - [04/Sep/2026:00:41:17 +0000] "GET / HTTP/1.1" 301 - "-" "Mozilla/5.0 (Macintosh; Intel Mac OS X 10_15_7) AppleWebKit/537.36 (KHTML, like Gecko) Chrome/144.0.0.0 Safari/537.36"
44.201.34.192 - - [04/Sep/2026:00:41:18 +0000] "GET / HTTP/1.1" 200 343832 "-" "Mozilla/5.0 (Macintosh; Intel Mac OS X 10_15_7) AppleWebKit/537.36 (KHTML, like Gecko) Chrome/144.0.0.0 Safari/537.36"
66.102.134.111 - - [04/Sep/2026:00:41:41 +0000] "POST /wp-cron.php?doing_wp_cron=1788482501.6646640300750732421875 HTTP/1.1" 200 - "-" "WordPress/7.1; https://verdenaturopathy.com.au"
123.21.248.51 - - [04/Sep/2026:00:41:40 +0000] "POST /xmlrpc.php HTTP/1.1" 200 403 "-" "Mozilla/5.0 (Windows NT 10.0; arm64) AppleWebKit/537.36 (KHTML, like Gecko) Safari/10.0.0.0 Safari/537.36"
114.119.147.248 - - [04/Sep/2026:00:41:44 +0000] "GET /?p=1408 HTTP/1.1" 301 - "https://verdenaturopathy.com.au/?p=1607" "Mozilla/5.0 (Linux; Android 7.0;) AppleWebKit/537.36 (HTML, like Gecko) Mobile Safari/537.36 (compatible; PetalBot;+https://webmaster.petalsearch.com/site/petalbot)"
114.119.147.248 - - [04/Sep/2026:00:41:46 +0000] "GET /2026/05/18/mansfield-golf-club-pokies/ HTTP/1.1" 200 221917 "https://verdenaturopathy.com.au/?p=1607" "Mozilla/5.0 (Linux; Android 7.0;) AppleWebKit/537.36 (HTML, like Gecko) Mobile Safari/537.36 (compatible; PetalBot;+https://webmaster.petalsearch.com/site/petalbot)"
123.21.248.51 - - [04/Sep/2026:00:42:07 +0000] "POST /xmlrpc.php HTTP/1.1" 200 403 "-" "Mozilla/5.0 (Windows NT 6.2; x86) AppleWebKit/537.36 (KHTML, like Gecko) Chrome/96.0.0.0 Safari/537.36"
123.21.248.51 - - [04/Sep/2026:00:42:40 +0000] "POST /xmlrpc.php HTTP/1.1" 200 403 "-" "Mozilla/5.0 (Windows NT 6.2; arm64) AppleWebKit/537.36 (KHTML, like Gecko) Opera/77.0.0.0 Safari/537.36"
114.119.129.7 - - [04/Sep/2026:00:43:07 +0000] "GET /?p=1407 HTTP/1.1" 301 - "https://verdenaturopathy.com.au/2026/05/18/spins-promo-code/" "Mozilla/5.0 (Linux; Android 7.0;) AppleWebKit/537.36 (HTML, like Gecko) Mobile Safari/537.36 (compatible; PetalBot;+https://webmaster.petalsearch.com/site/petalbot)"
123.21.248.51 - - [04/Sep/2026:00:43:08 +0000] "POST /xmlrpc.php HTTP/1.1" 200 403 "-" "Mozilla/5.0 (Linux; Android 10; x64) AppleWebKit/537.36 (KHTML, like Gecko) Opera/62.0.0.0 Safari/537.36"
114.119.129.7 - - [04/Sep/2026:00:43:09 +0000] "GET /2026/05/18/hallam-pokies-opening-hours/ HTTP/1.1" 200 220727 "https://verdenaturopathy.com.au/2026/05/18/spins-promo-code/" "Mozilla/5.0 (Linux; Android 7.0;) AppleWebKit/537.36 (HTML, like Gecko) Mobile Safari/537.36 (compatible; PetalBot;+https://webmaster.petalsearch.com/site/petalbot)"
123.21.248.51 - - [04/Sep/2026:00:43:35 +0000] "POST /xmlrpc.php HTTP/1.1" 200 403 "-" "Mozilla/5.0 (Linux; Android 10; x86) AppleWebKit/537.36 (KHTML, like Gecko) Chrome/110.0.0.0 Safari/537.36"
123.21.248.51 - - [04/Sep/2026:00:44:02 +0000] "POST /xmlrpc.php HTTP/1.1" 200 403 "-" "Mozilla/5.0 (Macintosh; Intel Mac OS X 10_15_7; arm64) AppleWebKit/537.36 (KHTML, like Gecko) Opera/72.0.0.0 Safari/537.36"
114.119.152.70 - - [04/Sep/2026:00:44:31 +0000] "GET /?p=1365 HTTP/1.1" 301 - "https://verdenaturopathy.com.au/?p=1514" "Mozilla/5.0 (Linux; Android 7.0;) AppleWebKit/537.36 (HTML, like Gecko) Mobile Safari/537.36 (compatible; PetalBot;+https://webmaster.petalsearch.com/site/petalbot)"
114.119.152.70 - - [04/Sep/2026:00:44:33 +0000] "GET /2026/05/18/orihuela-casino-no-deposit-bonus-codes-for-free-spins-2026/ HTTP/1.1" 200 220653 "https://verdenaturopathy.com.au/?p=1514" "Mozilla/5.0 (Linux; Android 7.0;) AppleWebKit/537.36 (HTML, like Gecko) Mobile Safari/537.36 (compatible; PetalBot;+https://webmaster.petalsearch.com/site/petalbot)"
123.21.248.51 - - [04/Sep/2026:00:44:34 +0000] "POST /xmlrpc.php HTTP/1.1" 200 403 "-" "Mozilla/5.0 (Windows NT 6.2; arm64) AppleWebKit/537.36 (KHTML, like Gecko) Safari/14.0.0.0 Safari/537.36"
123.21.248.51 - - [04/Sep/2026:00:44:59 +0000] "POST /xmlrpc.php HTTP/1.1" 200 403 "-" "Mozilla/5.0 (Macintosh; Intel Mac OS X 10_15_7; arm64) AppleWebKit/537.36 (KHTML, like Gecko) Firefox/81.0.0.0 Safari/537.36"
123.21.248.51 - - [04/Sep/2026:00:45:26 +0000] "POST /xmlrpc.php HTTP/1.1" 200 403 "-" "Mozilla/5.0 (Windows NT 6.2; arm64) AppleWebKit/537.36 (KHTML, like Gecko) Chrome/86.0.0.0 Safari/537.36"
123.21.248.51 - - [04/Sep/2026:00:45:52 +0000] "POST /xmlrpc.php HTTP/1.1" 200 403 "-" "Mozilla/5.0 (Windows NT 6.2; x86) AppleWebKit/537.36 (KHTML, like Gecko) Opera/68.0.0.0 Safari/537.36"
114.119.131.246 - - [04/Sep/2026:00:45:55 +0000] "GET /?p=1326 HTTP/1.1" 301 - "https://verdenaturopathy.com.au/2026/05/18/duobetz-casino-login-app-sign-up/" "Mozilla/5.0 (Linux; Android 7.0;) AppleWebKit/537.36 (HTML, like Gecko) Mobile Safari/537.36 (compatible; PetalBot;+https://webmaster.petalsearch.com/site/petalbot)"
114.119.131.246 - - [04/Sep/2026:00:45:57 +0000] "GET /2026/05/18/betiton-casino-100-free-spins-bonus-2026/ HTTP/1.1" 200 220382 "https://verdenaturopathy.com.au/2026/05/18/duobetz-casino-login-app-sign-up/" "Mozilla/5.0 (Linux; Android 7.0;) AppleWebKit/537.36 (HTML, like Gecko) Mobile Safari/537.36 (compatible; PetalBot;+https://webmaster.petalsearch.com/site/petalbot)"
123.21.248.51 - - [04/Sep/2026:00:46:22 +0000] "POST /xmlrpc.php HTTP/1.1" 200 403 "-" "Mozilla/5.0 (Linux; Android 10; x64) AppleWebKit/537.36 (KHTML, like Gecko) Chrome/83.0.0.0 Safari/537.36"
123.21.248.51 - - [04/Sep/2026:00:46:48 +0000] "POST /xmlrpc.php HTTP/1.1" 200 403 "-" "Mozilla/5.0 (Windows NT 6.2; x64) AppleWebKit/537.36 (KHTML, like Gecko) Chrome/103.0.0.0 Safari/537.36"
123.21.248.51 - - [04/Sep/2026:00:47:13 +0000] "POST /xmlrpc.php HTTP/1.1" 200 403 "-" "Mozilla/5.0 (Windows NT 10.0; x86) AppleWebKit/537.36 (KHTML, like Gecko) Firefox/89.0.0.0 Safari/537.36"
114.119.158.45 - - [04/Sep/2026:00:47:19 +0000] "GET /?p=1309 HTTP/1.1" 301 - "https://verdenaturopathy.com.au/?p=1636" "Mozilla/5.0 (Linux; Android 7.0;) AppleWebKit/537.36 (HTML, like Gecko) Mobile Safari/537.36 (compatible; PetalBot;+https://webmaster.petalsearch.com/site/petalbot)"
114.119.158.45 - - [04/Sep/2026:00:47:20 +0000] "GET /2026/05/18/usd-1-bonus-deposit-casino/ HTTP/1.1" 200 221401 "https://verdenaturopathy.com.au/?p=1636" "Mozilla/5.0 (Linux; Android 7.0;) AppleWebKit/537.36 (HTML, like Gecko) Mobile Safari/537.36 (compatible; PetalBot;+https://webmaster.petalsearch.com/site/petalbot)"
66.102.134.111 - - [04/Sep/2026:00:47:36 +0000] "POST /wp-cron.php?doing_wp_cron=1788482856.9028658866882324218750 HTTP/1.1" 200 - "-" "WordPress/7.1; https://verdenaturopathy.com.au"
123.21.248.51 - - [04/Sep/2026:00:47:36 +0000] "POST /xmlrpc.php HTTP/1.1" 200 403 "-" "Mozilla/5.0 (Windows NT 10.0; arm64) AppleWebKit/537.36 (KHTML, like Gecko) Chrome/86.0.0.0 Safari/537.36"
173.239.218.27 - - [04/Sep/2026:00:47:58 +0000] "POST /wp-login.php HTTP/1.1" 200 8123 "-" "Mozilla/5.0 (Windows NT 10.0; Win64; x64) AppleWebKit/537.36 Chrome/129.0.0.0 Safari/537.36"
123.21.248.51 - - [04/Sep/2026:00:48:01 +0000] "POST /xmlrpc.php HTTP/1.1" 200 403 "-" "Mozilla/5.0 (Windows NT 6.2; x64) AppleWebKit/537.36 (KHTML, like Gecko) Chrome/108.0.0.0 Safari/537.36"
123.21.248.51 - - [04/Sep/2026:00:48:28 +0000] "POST /xmlrpc.php HTTP/1.1" 200 403 "-" "Mozilla/5.0 (Windows NT 10.0; x86) AppleWebKit/537.36 (KHTML, like Gecko) Opera/67.0.0.0 Safari/537.36"
180.191.234.194 - - [04/Sep/2026:00:48:36 +0000] "GET /real-money-pokies-australia-app-2026/ HTTP/1.1" 301 - "https://verdenaturopathy.com.au/" "Mozilla/5.0 (Macintosh; Intel Mac OS X 10.15; rv:138.0) Gecko/20100101 Firefox/138.0"
114.119.158.45 - - [04/Sep/2026:00:48:42 +0000] "GET /?p=1293 HTTP/1.1" 301 - "https://verdenaturopathy.com.au/?p=1442" "Mozilla/5.0 (Linux; Android 7.0;) AppleWebKit/537.36 (HTML, like Gecko) Mobile Safari/537.36 (compatible; PetalBot;+https://webmaster.petalsearch.com/site/petalbot)"
114.119.158.45 - - [04/Sep/2026:00:48:43 +0000] "GET /2026/05/18/sloturi-casino-no-deposit-bonus-codes-for-free-spins-2026/ HTTP/1.1" 200 221377 "https://verdenaturopathy.com.au/?p=1442" "Mozilla/5.0 (Linux; Android 7.0;) AppleWebKit/537.36 (HTML, like Gecko) Mobile Safari/537.36 (compatible; PetalBot;+https://webmaster.petalsearch.com/site/petalbot)"
123.21.248.51 - - [04/Sep/2026:00:48:56 +0000] "POST /xmlrpc.php HTTP/1.1" 200 403 "-" "Mozilla/5.0 (Windows NT 6.3; x64) AppleWebKit/537.36 (KHTML, like Gecko) Chrome/114.0.0.0 Safari/537.36"
123.21.248.51 - - [04/Sep/2026:00:49:40 +0000] "POST /xmlrpc.php HTTP/1.1" 200 403 "-" "Mozilla/5.0 (Linux; Android 10; x64) AppleWebKit/537.36 (KHTML, like Gecko) Chrome/90.0.0.0 Safari/537.36"
114.119.157.174 - - [04/Sep/2026:00:50:06 +0000] "GET /?p=1238 HTTP/1.1" 301 - "https://verdenaturopathy.com.au/2026/05/18/play-retro-tapes-slot/" "Mozilla/5.0 (Linux; Android 7.0;) AppleWebKit/537.36 (HTML, like Gecko) Mobile Safari/537.36 (compatible; PetalBot;+https://webmaster.petalsearch.com/site/petalbot)"
114.119.157.174 - - [04/Sep/2026:00:50:08 +0000] "GET /2026/05/18/red-black-roulette-payout/ HTTP/1.1" 200 220362 "https://verdenaturopathy.com.au/2026/05/18/play-retro-tapes-slot/" "Mozilla/5.0 (Linux; Android 7.0;) AppleWebKit/537.36 (HTML, like Gecko) Mobile Safari/537.36 (compatible; PetalBot;+https://webmaster.petalsearch.com/site/petalbot)"
123.21.248.51 - - [04/Sep/2026:00:50:10 +0000] "POST /xmlrpc.php HTTP/1.1" 200 403 "-" "Mozilla/5.0 (Windows NT 6.3; arm64) AppleWebKit/537.36 (KHTML, like Gecko) Firefox/99.0.0.0 Safari/537.36"
186.179.36.66 - - [04/Sep/2026:00:50:22 +0000] "GET /real-money-pokies-australia-app-2026/ HTTP/1.1" 301 - "https://verdenaturopathy.com.au/" "Mozilla/5.0 (Windows NT 10.0; Win64; x64) AppleWebKit/537.36 (KHTML, like Gecko) Chrome/132.0.0.0 Safari/537.36 OPR/117.0.0.0"
107.175.26.98 - - [04/Sep/2026:00:50:25 +0000] "GET /2026/08/17/real-money-pokies-australia-app-2026/ HTTP/1.1" 200 809 "https://verdenaturopathy.com.au/" "Mozilla/5.0 (Windows NT 10.0; Win64; x64) AppleWebKit/537.36 (KHTML, like Gecko) Chrome/132.0.0.0 Safari/537.36 OPR/117.0.0.0"
107.175.26.98 - - [04/Sep/2026:00:50:25 +0000] "GET /2026/08/17/real-money-pokies-australia-app-2026/ HTTP/1.1" 200 809 "https://verdenaturopathy.com.au/" "Mozilla/5.0 (Windows NT 10.0; Win64; x64) AppleWebKit/537.36 (KHTML, like Gecko) Chrome/132.0.0.0 Safari/537.36 OPR/117.0.0.0"
123.21.248.51 - - [04/Sep/2026:00:50:33 +0000] "POST /xmlrpc.php HTTP/1.1" 200 403 "-" "Mozilla/5.0 (Macintosh; Intel Mac OS X 10_15_7; x86) AppleWebKit/537.36 (KHTML, like Gecko) Opera/75.0.0.0 Safari/537.36"
123.21.248.51 - - [04/Sep/2026:00:50:55 +0000] "POST /xmlrpc.php HTTP/1.1" 200 403 "-" "Mozilla/5.0 (X11; Ubuntu; Linux x86_64; x86) AppleWebKit/537.36 (KHTML, like Gecko) Chrome/91.0.0.0 Safari/537.36"
123.21.248.51 - - [04/Sep/2026:00:51:23 +0000] "POST /xmlrpc.php HTTP/1.1" 200 403 "-" "Mozilla/5.0 (X11; Ubuntu; Linux x86_64; arm64) AppleWebKit/537.36 (KHTML, like Gecko) Chrome/86.0.0.0 Safari/537.36"
114.119.157.57 - - [04/Sep/2026:00:51:29 +0000] "GET /?p=1212 HTTP/1.1" 301 - "https://verdenaturopathy.com.au/?p=1325" "Mozilla/5.0 (Linux; Android 7.0;) AppleWebKit/537.36 (HTML, like Gecko) Mobile Safari/537.36 (compatible; PetalBot;+https://webmaster.petalsearch.com/site/petalbot)"
114.119.157.57 - - [04/Sep/2026:00:51:31 +0000] "GET /2026/05/18/333-casino-australia-bonus-codes-2026/ HTTP/1.1" 200 220592 "https://verdenaturopathy.com.au/?p=1325" "Mozilla/5.0 (Linux; Android 7.0;) AppleWebKit/537.36 (HTML, like Gecko) Mobile Safari/537.36 (compatible; PetalBot;+https://webmaster.petalsearch.com/site/petalbot)"
123.21.248.51 - - [04/Sep/2026:00:51:50 +0000] "POST /xmlrpc.php HTTP/1.1" 200 403 "-" "Mozilla/5.0 (Windows NT 6.3; x64) AppleWebKit/537.36 (KHTML, like Gecko) Safari/13.0.0.0 Safari/537.36"
123.21.248.51 - - [04/Sep/2026:00:52:22 +0000] "POST /xmlrpc.php HTTP/1.1" 200 403 "-" "Mozilla/5.0 (Linux; Android 10; x64) AppleWebKit/537.36 (KHTML, like Gecko) Safari/11.0.0.0 Safari/537.36"
123.21.248.51 - - [04/Sep/2026:00:52:47 +0000] "POST /xmlrpc.php HTTP/1.1" 200 403 "-" "Mozilla/5.0 (Windows NT 6.2; arm64) AppleWebKit/537.36 (KHTML, like Gecko) Opera/64.0.0.0 Safari/537.36"
114.119.152.70 - - [04/Sep/2026:00:52:53 +0000] "GET /?p=1205 HTTP/1.1" 301 - "https://verdenaturopathy.com.au/?p=1222" "Mozilla/5.0 (Linux; Android 7.0;) AppleWebKit/537.36 (HTML, like Gecko) Mobile Safari/537.36 (compatible; PetalBot;+https://webmaster.petalsearch.com/site/petalbot)"
114.119.152.70 - - [04/Sep/2026:00:52:54 +0000] "GET /2026/05/18/best-poker-machines-to-play-in-australia/ HTTP/1.1" 200 221110 "https://verdenaturopathy.com.au/?p=1222" "Mozilla/5.0 (Linux; Android 7.0;) AppleWebKit/537.36 (HTML, like Gecko) Mobile Safari/537.36 (compatible; PetalBot;+https://webmaster.petalsearch.com/site/petalbot)"
123.21.248.51 - - [04/Sep/2026:00:53:14 +0000] "POST /xmlrpc.php HTTP/1.1" 200 403 "-" "Mozilla/5.0 (Macintosh; Intel Mac OS X 10_15_7; x64) AppleWebKit/537.36 (KHTML, like Gecko) Safari/15.0.0.0 Safari/537.36"
66.102.134.111 - - [04/Sep/2026:00:53:39 +0000] "POST /wp-cron.php?doing_wp_cron=1788483219.5600759983062744140625 HTTP/1.1" 200 - "-" "WordPress/7.1; https://verdenaturopathy.com.au"
123.21.248.51 - - [04/Sep/2026:00:53:38 +0000] "POST /xmlrpc.php HTTP/1.1" 200 403 "-" "Mozilla/5.0 (Windows NT 6.3; x86) AppleWebKit/537.36 (KHTML, like Gecko) Opera/78.0.0.0 Safari/537.36"
114.119.157.57 - - [04/Sep/2026:00:54:16 +0000] "GET /?p=1114 HTTP/1.1" 301 - "https://verdenaturopathy.com.au/2026/05/18/q7-casino-review/" "Mozilla/5.0 (Linux; Android 7.0;) AppleWebKit/537.36 (HTML, like Gecko) Mobile Safari/537.36 (compatible; PetalBot;+https://webmaster.petalsearch.com/site/petalbot)"
114.119.157.57 - - [04/Sep/2026:00:54:18 +0000] "GET /2026/05/18/esportivabet-casino-review-and-free-chips-bonus/ HTTP/1.1" 200 220623 "https://verdenaturopathy.com.au/2026/05/18/q7-casino-review/" "Mozilla/5.0 (Linux; Android 7.0;) AppleWebKit/537.36 (HTML, like Gecko) Mobile Safari/537.36 (compatible; PetalBot;+https://webmaster.petalsearch.com/site/petalbot)"
123.21.248.51 - - [04/Sep/2026:00:54:33 +0000] "POST /xmlrpc.php HTTP/1.1" 200 403 "-" "Mozilla/5.0 (Windows NT 6.2; x86) AppleWebKit/537.36 (KHTML, like Gecko) Opera/77.0.0.0 Safari/537.36"
123.21.248.51 - - [04/Sep/2026:00:54:57 +0000] "POST /xmlrpc.php HTTP/1.1" 200 403 "-" "Mozilla/5.0 (Windows NT 10.0; arm64) AppleWebKit/537.36 (KHTML, like Gecko) Firefox/75.0.0.0 Safari/537.36"
66.102.134.111 - - [04/Sep/2026:00:55:36 +0000] "POST /wp-cron.php?doing_wp_cron=1788483336.1617379188537597656250 HTTP/1.1" 200 - "-" "WordPress/7.1; https://verdenaturopathy.com.au"
123.21.248.51 - - [04/Sep/2026:00:55:35 +0000] "POST /xmlrpc.php HTTP/1.1" 200 403 "-" "Mozilla/5.0 (Windows NT 6.3; x64) AppleWebKit/537.36 (KHTML, like Gecko) Chrome/99.0.0.0 Safari/537.36"
114.119.158.45 - - [04/Sep/2026:00:55:40 +0000] "GET /?p=1090 HTTP/1.1" 301 - "https://verdenaturopathy.com.au/?p=1137" "Mozilla/5.0 (Linux; Android 7.0;) AppleWebKit/537.36 (HTML, like Gecko) Mobile Safari/537.36 (compatible; PetalBot;+https://webmaster.petalsearch.com/site/petalbot)"
114.119.158.45 - - [04/Sep/2026:00:55:42 +0000] "GET /2026/05/18/how-to-play-blackjack-for-money/ HTTP/1.1" 200 220340 "https://verdenaturopathy.com.au/?p=1137" "Mozilla/5.0 (Linux; Android 7.0;) AppleWebKit/537.36 (HTML, like Gecko) Mobile Safari/537.36 (compatible; PetalBot;+https://webmaster.petalsearch.com/site/petalbot)"
123.21.248.51 - - [04/Sep/2026:00:56:11 +0000] "POST /xmlrpc.php HTTP/1.1" 200 403 "-" "Mozilla/5.0 (Macintosh; Intel Mac OS X 10_15_7; x86) AppleWebKit/537.36 (KHTML, like Gecko) Opera/69.0.0.0 Safari/537.36"
114.119.157.57 - - [04/Sep/2026:00:57:04 +0000] "GET /?p=1079 HTTP/1.1" 301 - "https://verdenaturopathy.com.au/?p=1100" "Mozilla/5.0 (Linux; Android 7.0;) AppleWebKit/537.36 (HTML, like Gecko) Mobile Safari/537.36 (compatible; PetalBot;+https://webmaster.petalsearch.com/site/petalbot)"
114.119.157.57 - - [04/Sep/2026:00:57:06 +0000] "GET /2026/05/18/juego-de-casino-baccarat/ HTTP/1.1" 200 220659 "https://verdenaturopathy.com.au/?p=1100" "Mozilla/5.0 (Linux; Android 7.0;) AppleWebKit/537.36 (HTML, like Gecko) Mobile Safari/537.36 (compatible; PetalBot;+https://webmaster.petalsearch.com/site/petalbot)"
66.102.134.111 - - [04/Sep/2026:00:58:28 +0000] "POST /wp-cron.php?doing_wp_cron=1788483508.2150869369506835937500 HTTP/1.1" 200 - "-" "WordPress/7.1; https://verdenaturopathy.com.au"
114.119.157.174 - - [04/Sep/2026:00:58:27 +0000] "GET /?p=1046 HTTP/1.1" 301 - "https://verdenaturopathy.com.au/2026/05/18/free-imatant-spins-no-deposit-bonus-australia/" "Mozilla/5.0 (Linux; Android 7.0;) AppleWebKit/537.36 (HTML, like Gecko) Mobile Safari/537.36 (compatible; PetalBot;+https://webmaster.petalsearch.com/site/petalbot)"
114.119.157.174 - - [04/Sep/2026:00:58:29 +0000] "GET /2026/05/18/outback-jack-pokie/ HTTP/1.1" 200 220927 "https://verdenaturopathy.com.au/2026/05/18/free-imatant-spins-no-deposit-bonus-australia/" "Mozilla/5.0 (Linux; Android 7.0;) AppleWebKit/537.36 (HTML, like Gecko) Mobile Safari/537.36 (compatible; PetalBot;+https://webmaster.petalsearch.com/site/petalbot)"
114.119.157.57 - - [04/Sep/2026:00:59:50 +0000] "GET /?p=1045 HTTP/1.1" 301 - "https://verdenaturopathy.com.au/2026/05/18/rooms-at-casino-near-me/" "Mozilla/5.0 (Linux; Android 7.0;) AppleWebKit/537.36 (HTML, like Gecko) Mobile Safari/537.36 (compatible; PetalBot;+https://webmaster.petalsearch.com/site/petalbot)"
114.119.157.57 - - [04/Sep/2026:00:59:52 +0000] "GET /2026/05/18/liberty-casino-eu/ HTTP/1.1" 200 220328 "https://verdenaturopathy.com.au/2026/05/18/rooms-at-casino-near-me/" "Mozilla/5.0 (Linux; Android 7.0;) AppleWebKit/537.36 (HTML, like Gecko) Mobile Safari/537.36 (compatible; PetalBot;+https://webmaster.petalsearch.com/site/petalbot)"
45.205.1.124 - - [04/Sep/2026:01:00:33 +0000] "GET /file-upload/server/php/index.php?file=tf2rghf.jpg HTTP/1.1" 301 - "-" "ALittle Client"
52.167.144.18 - - [04/Sep/2026:01:00:46 +0000] "GET /2026/05/18/ricky-casino-bonus-codes-2026/ HTTP/1.1" 200 220281 "-" "Mozilla/5.0 AppleWebKit/537.36 (KHTML, like Gecko; compatible; bingbot/2.0; +http://www.bing.com/bingbot.htm) Chrome/116.0.1938.76 Safari/537.36"
114.119.153.53 - - [04/Sep/2026:01:01:14 +0000] "GET /?p=1019 HTTP/1.1" 301 - "https://verdenaturopathy.com.au/?p=1055" "Mozilla/5.0 (Linux; Android 7.0;) AppleWebKit/537.36 (HTML, like Gecko) Mobile Safari/537.36 (compatible; PetalBot;+https://webmaster.petalsearch.com/site/petalbot)"
114.119.153.53 - - [04/Sep/2026:01:01:16 +0000] "GET /2026/05/18/pirate-slots-promo-code/ HTTP/1.1" 200 219752 "https://verdenaturopathy.com.au/?p=1055" "Mozilla/5.0 (Linux; Android 7.0;) AppleWebKit/537.36 (HTML, like Gecko) Mobile Safari/537.36 (compatible; PetalBot;+https://webmaster.petalsearch.com/site/petalbot)"
94.176.93.70 - - [04/Sep/2026:01:01:42 +0000] "GET /?p=1684 HTTP/1.1" 200 791 "https://www.google.com/" "Mozilla/5.0 (Windows NT 10.0; Win64; x64) AppleWebKit/537.36 (KHTML, like Gecko) Chrome/131.0.0.0 Safari/537.36"
158.173.241.147 - - [04/Sep/2026:01:01:43 +0000] "GET /online-pokies-instant-withdrawal-australia-2026/ HTTP/1.1" 301 - "https://verdenaturopathy.com.au/" "Mozilla/5.0 (Macintosh; Intel Mac OS X 10_15_7) AppleWebKit/537.36 (KHTML, like Gecko) Chrome/134.0.0.0 Safari/537.36"
